+ 0 + 2 + -2. Let t be (-23)/(-7) + y/28. Suppose 3*u - 30 = -3*v, 3*v - t*u = 4*v - 4. What is the tens digit of v?
1
Suppose 2*w + 4 = 0, -3*f = -0*w + 3*w + 15. Let l be 2 + 0 + f/(-1). Suppose 0 = -l*j + j + 140. What is the units digit of j?
5
Let v(d) = 2*d**2 + 3*d + 1. Let p be v(-2). Suppose -29 = -m + p*l, -5*m - 2 = 5*l - 47. What is the tens digit of m?
1
Suppose -14*k + 10*k = 4. What is the hundreds digit of 651/6 + (-5 - k)/8?
1
Suppose 0 = 4*m - 5*w - 38, 0 = -m - m + w + 16. Suppose m*c = 12*c - 250. What is the units digit of c?
0
Suppose 1076 = 6*d - 2128. What is the hundreds digit of d?
5
Suppose -14 = -4*f + 3*h - 2*h, -2*f + 2*h = -10. Suppose -9*w + 2*s = -6*w - 508, -509 = -f*w + s. What is the hundreds digit of w?
1
Let l = 222 - -387. What is the units digit of l?
9
Let z(n) = -n**2 + 14*n - 35. Let k be z(10). Suppose -k*g = -3*f - 209, -2*f + 3*f = -2*g + 77. What is the units digit of g?
0
Suppose 3335 = 5*t - 5*q, 3*q - 731 = -t - 52. What is the units digit of t?
0
Let y = 207 + 341. What is the hundreds digit of y?
5
Suppose 0 = -8*a + 3*a - 4*g + 4748, -3*a - 3*g + 2850 = 0. Suppose -a = 9*z - 21*z. What is the units digit of z?
9
What is the units digit of (-62)/124*122*-6?
6
Let b be ((-24)/(-30))/(2/5). Suppose 4*c - 3*v = 19, -3*c + 2 = b*v - 8. Suppose 8*a - 92 = c*a. What is the units digit of a?
3
Let o(j) = j - 2. Let x be o(2). Let y = 0 + x. Suppose y*d = 2*d - 34. What is the tens digit of d?
1
Suppose 0 = 8*v - 3*v - 1055. What is the units digit of v?
1
Suppose -269*z + 129952 = -237*z. What is the tens digit of z?
6
What is the hundreds digit of 2/6 + (-5)/(135/(-10143))?
3
Suppose -736 - 461 = -3*c. What is the hundreds digit of c?
3
Let f(q) = 4*q. Let s be f(1). Suppose -283 = -s*n + 109. What is the tens digit of n?
9
Let z = 10 - -3. Suppose z*i = 6*i + 1225. What is the tens digit of i?
7
Suppose 3*u - 8*o + 3*o = 22, 3*o + 19 = -4*u. Let i(y) be the second derivative of -13*y**5/20 - y**2/2 + 2*y. What is the units digit of i(u)?
2
Let l(t) be the first derivative of 37*t**2 + 5*t + 19. What is the hundreds digit of l(2)?
1
Suppose 5*k - 10*k = -575. Let g = k + -43. What is the units digit of g?
2
Suppose 2*n - 7*n + 4*l = -1900, -5*l - 1127 = -3*n. What is the units digit of n?
4
Suppose 10*j - 7531 - 2759 = 0. What is the units digit of j?
9
Suppose -2*f - 109 = -z - f, z - 121 = 5*f. Suppose 0 = -u + 34 + z. What is the units digit of u?
0
Suppose 4*w + m - 243 = 0, 249 = 3*w + 4*m + 57. Let t(i) = -i**2 - 2*i + 3. Let h be t(-3). Suppose w = 6*n - h. What is the tens digit of n?
1
Let n(f) = 2*f**2 + 9*f - 1. Let q(t) = 3*t**2 + 13*t - 2. Let r = -7 + 12. Let g(u) = r*q(u) - 7*n(u). What is the units digit of g(-5)?
2
Suppose -3*h + 497 = -2*h - p, -1003 = -2*h + 5*p. What is the tens digit of h?
9
Let k be (3 + -6)*(0 - 3). Suppose -4*i = -k*i. Suppose i = 4*z - 4*c - 244, 6*c = 5*z + 2*c - 304. What is the units digit of z?
0
Let o = -114 + 113. What is the units digit of -4 + 251 + (-3)/o?
0
Let b(y) = -y**3 + 16*y**2 - 13*y - 9. Suppose 2*q + 2*q + 15 = -v, 0 = 2*v - 5*q - 35. Suppose v*f = 25 + 50. What is the units digit of b(f)?
1
Suppose -7*m - 15*m + 18392 = 0. What is the units digit of m?
6
Let s(f) = -f**3 - 3*f**2 - 2*f. Let t be s(-3). Suppose 4*p = 2 + t. Let i(k) = 5*k**3 - k + 2. What is the units digit of i(p)?
0
Let k = -20 + 22. Suppose q = -q - 5*z + 89, -k*q - 2*z = -98. What is the tens digit of q?
5
What is the tens digit of (-15585)/(-4) + (-64)/256?
9
Let o = -235 - -662. What is the units digit of o?
7
Suppose 2*r - 45 - 21 = 0. Let o = 348 - r. What is the units digit of o?
5
Let s(n) = 10*n**3 + 7*n**2 + 3*n + 7. What is the tens digit of s(6)?
3
What is the hundreds digit of 6 - (655/(-5) - (8 + -10))?
1
Let w = -64 - -29. Let p = w + 61. What is the units digit of p?
6
Let v(p) = 5*p**2 - 8*p + 155. What is the thousands digit of v(20)?
1
Let s = 538 - -1525. What is the hundreds digit of s?
0
Let j be ((-2)/4)/(2/(-504)). Suppose t - j = -t. What is the tens digit of t?
6
Let m(z) = -z**2 + 13*z + 3. Let s be m(16). Let o = s + 113. What is the units digit of o?
8
Suppose -8*k + 9*k - u = 830, -u + 2494 = 3*k. What is the hundreds digit of k?
8
Let k = 142 + 1051. What is the hundreds digit of k?
1
Let m(o) = -o**2 - 56*o + 401. What is the units digit of m(-44)?
9
Let k = -582 + 818. What is the units digit of k?
6
Let u = -9433 + 14463. What is the thousands digit of u?
5
Let m(w) = -w**3 - 3*w**2 - 2*w - 4. Let f be m(-4). Let z = f + -16. Suppose 0 = -z*a - a + 50. What is the tens digit of a?
1
Let n(i) = -6*i + 3. Let s be n(-3). Let k be (-12)/s + (-165)/(-7). Let b = k - 13. What is the tens digit of b?
1
Suppose f - 3*t + 45 = 4*f, 0 = 5*f + 4*t - 79. Let u = -14 + f. Suppose s - 143 = -u*h, 0*s - 34 = -h - 2*s. What is the units digit of h?
8
Suppose -2*z - 3*z + 11 = 3*n, n - 5 = -z. Let i(a) = -a**2 + 8*a + 13. What is the tens digit of i(n)?
2
Suppose -5*h + 2*x + 189 = -100, -10 = 5*x. Let t = -90 + h. Let q = -21 - t. What is the units digit of q?
2
Suppose -j = 2*j - 9. Suppose j*w = 4*p + 62, 4*p + 88 = 4*w + 8. What is the tens digit of (-9)/w*124/(-2)?
3
What is the hundreds digit of -36 + 28 + 1 + 6438?
4
Let u(c) = 7*c**2 - 5*c - 27. What is the units digit of u(7)?
1
Let m = -2802 + 5436. What is the units digit of m?
4
Suppose -1140 = 131*o - 133*o. What is the hundreds digit of o?
5
Suppose 10*a = 25*a - 25260. What is the units digit of a?
4
Let r(d) = -2*d + 1. Let h(k) = -137*k - 4. Let l(m) = h(m) + 5*r(m). What is the units digit of l(-1)?
8
Let s = -4 - -11. Let f(t) = -t**2 + 8*t - 6. Let v be f(s). What is the tens digit of (-39)/1*v/(-3)?
1
Let k(q) = 16*q**3 - 2*q**2 + 1. Let m be k(1). Suppose -5*y + 4 = -g, -4*y - m = -y. Let b = 8 - g. What is the tens digit of b?
3
Let a(o) = 239*o + 12. What is the tens digit of a(1)?
5
Suppose -a + n - 74 = -4*a, 0 = -2*n - 8. Let h(b) = -b**3 + 10*b**2 - 12*b + 9. Let f be h(9). Let c = f + a. What is the units digit of c?
8
Let n(j) = j - 9. Let q be n(-10). Let h(r) = -r**3 - 6*r**2 + r - 2. Let w be h(-7). Let z = q + w. What is the units digit of z?
1
Let y(v) = -v**3 - 7*v**2 - 2*v + 6. Let i be y(-7). Suppose -1 - 11 = -5*k - 2*z, 0 = -5*z - i. What is the tens digit of (-60)/(-6)*10/k?
2
Suppose 38*i = 599 + 731. What is the tens digit of i?
3
What is the tens digit of (-7206*(-2)/24)/(2/4)?
0
Let m = -485 - -1065. What is the tens digit of m?
8
Let l(c) = c**3 - c**2 + 2*c - 1. Let g be l(2). Let j = g + -1. What is the tens digit of 352/20 + j/(-10)?
1
What is the hundreds digit of 9/24 - (-24788)/32?
7
Let b be (6/(-9))/(1/(-3)). Suppose 5*l + 4*i = 236, -b*l - 6*i + 11*i = -101. Let n = l + -29. What is the tens digit of n?
1
Let t = 42 - 37. Let n(v) = -5 - 3*v + 2*v + 6*v. What is the tens digit of n(t)?
2
Let i(o) = 9*o - 21. Let d(n) = -5*n + 11. Let w(h) = -11*d(h) - 6*i(h). Let t be w(-3). Suppose 8 = -2*z + t*q + 22, 16 = -4*q. What is the units digit of z?
3
Suppose 257 = -10*h + 11*h. What is the hundreds digit of h?
2
Let x(z) = z**2 - 15*z - 12. Let j be x(16). Suppose -205 = -3*i - 2*i - 5*m, j*m - 210 = -5*i. What is the units digit of i?
6
Suppose -4*g + 4*p = 0, -p = 5*g - 4*p - 6. What is the units digit of -3*(-20)/g - 3?
7
Let z = 1184 - -436. What is the thousands digit of z?
1
Let l = 1141 - 691. What is the units digit of l?
0
Let q(w) = w - 3. Let l be q(8). Suppose -15 - 81 = -2*v. Suppose -l*b = -b - v. What is the units digit of b?
2
Let i(f) = f**2 - 3*f - 3. Let q = 30 - 33. What is the units digit of i(q)?
5
Let m be ((-3)/(-1))/(5/75). Suppose 0 = 4*u - 47 - m. What is the units digit of u?
3
Let g(a) = -5*a**3 + a**2 - 2. Suppose 24 = -4*j + 4*u, -4*u + 11 = -5. What is the units digit of g(j)?
2
Suppose 5*o = 15, -5*z - 7*o + 3*o + 2267 = 0. What is the tens digit of z?
5
Suppose -9*g = -13*g - 128. Let h = -20 - g. Let t(p) = p. What is the tens digit of t(h)?
1
Let i(t) = 23*t - 3. Let a be i(4). Suppose u + 0*j - 15 = 3*j, 4*u - 75 = -3*j. Suppose -5*l - a - u = -3*h, 3*h = 3*l + 117. What is the tens digit of h?
4
Suppose -5*v - 6*l + 2*l - 10 = 0, -4*v - 17 = 5*l. Suppose -v*t - 4 = -24. Let n(w) = 2*w. What is the tens digit of